e units digit of s?
6
Let t be 4/2*1/(-2). What is the units digit of 4/(-5)*t*5?
4
Let f(m) = -m**3 + 8*m**2 - 8*m + 8. What is the tens digit of f(6)?
3
Suppose 3*k + 4*t = 17, 4*k - t - t = 52. Suppose k = 2*d - 3*h - 0*h, -21 = -2*d + h. What is the tens digit of d?
1
Let b be 1 - 4 - (0 - 0). Let k be 52/16*2*-2. Let x = b - k. What is the units digit of x?
0
Let f(l) = -l**2 - 14*l + 26. What is the units digit of f(-12)?
0
Let h(g) = g**3 + 4*g**2 + 2*g - 2. Let u be h(-2). What is the units digit of (-40)/u*6/(-15)?
8
Let o = 56 + -4. What is the units digit of o?
2
Suppose -s = -2*a + 3, a + 0*a + 2*s = 14. Let b = 22 + a. What is the tens digit of b?
2
What is the units digit of 6/(-10) + 1 + 23/5?
5
Suppose -3*m + 0 = -6. Suppose -5*l - f = 2, 0 = -3*l - m*f + 7*f + 10. Suppose -2*v + 6 = l, v = -4*r + 29 + 2. What is the units digit of r?
7
Let j(i) = -16*i**3 + i**2 - 2. Let r be j(2). Let n = r + 177. Suppose -5*v - 11 = -n. What is the units digit of v?
8
Let j(h) = -h**3 + 9*h**2 - 6*h + 13. What is the tens digit of j(7)?
6
Suppose -w - 3 = -2. What is the units digit of 2 + 1 - 0/w?
3
Let h be -24*-38*2/(-6). What is the tens digit of (3/(-6))/(4/h)?
3
Let g(i) = 4*i + 9. Let m(f) = -6*f - 13. Suppose 0 = -2*j + 6 - 20. Let w(k) = j*g(k) - 5*m(k). What is the tens digit of w(5)?
1
Suppose -1 = 2*h + 3. Let i(o) = -o - 1. Let c be i(h). What is the units digit of (1/c)/((-3)/(-15))?
5
Let l(x) = x**3 + 5*x**2 - 2*x - 7. Let k be l(-5). Suppose -7*c + k*c + 8 = 0. What is the units digit of c?
2
Let w(r) be the first derivative of r**3/3 - r**2 + 3*r - 1. Let c be w(4). Suppose -5 = 5*p + 3*f, f + 2*f + c = -2*p. What is the units digit of p?
2
What is the hundreds digit of (-2 + 4)*(87 + -2)?
1
Let f(m) = -2*m - 5. Let w be f(-4). Suppose w*h - 3*b + 6 = 0, -5*b + 0 = 2*h - 31. What is the units digit of (2 + 28)/(h/2)?
0
Let z be 10/((3 - 0)/99). What is the units digit of z/25*(-10)/(-3)?
4
Let v be (-1062)/(-5) + (-8)/20. Suppose -6*h = 50 - v. What is the tens digit of h?
2
Let d be 0 + (30 - 1 - -1). What is the units digit of 14/(-42)*d/(-1)?
0
Let m be (-6)/(-8) - 202/(-8). Let g = -11 + m. What is the tens digit of g?
1
What is the hundreds digit of 108 + (-1)/(-3*(-2)/6)?
1
Let u = -6 + 8. Let h(o) = 8*o + 2. What is the tens digit of h(u)?
1
Let c(f) = f**2 + 5*f - 12. Let z be c(-9). Suppose -4*m = 4*p - 24, 2*m = -0*p + 4*p - z. What is the units digit of p?
6
Let h(c) = c**3 + 8*c**2 + 4*c - 6. Let r(z) = -z**3 - 12*z**2 + 14*z + 6. Let w be r(-13). What is the units digit of h(w)?
5
Suppose 0 = -3*i - s + 494, -i - 2*s + 173 = -0*i. What is the units digit of i?
3
Suppose -8*j + 1347 - 187 = 0. What is the hundreds digit of j?
1
Let m(f) = -2*f - 9. Let l(a) = a**3 + 6*a**2 + 2*a + 3. Let w be l(-6). What is the units digit of m(w)?
9
What is the tens digit of 186/(-6)*(-1 + 0)?
3
Let x(y) = y**2 + 15*y + 32. What is the units digit of x(-19)?
8
Let t = 2 - -6. Suppose 0 = -s - t + 52. What is the tens digit of s?
4
Let h = -18 - -36. Suppose 4*j + j + 28 = t, -t = -3*j - h. Suppose -3*p - t = -33. What is the units digit of p?
0
Let a(n) = 13*n**3 + n**2 + 2*n - 2. What is the units digit of a(1)?
4
Suppose 0*z = 2*z - 4. Let w be (-5)/(-2) + 1/z. Suppose 0 = -w*v + 6 + 18. What is the units digit of v?
8
What is the units digit of (1/(-3))/((-4)/108)?
9
Let a = 25 + -25. What is the units digit of 3 + a - 48/(-3)?
9
Suppose 41 - 135 = -2*s. What is the tens digit of s?
4
Let a = 15 - -22. Suppose 4*v + 5*t = a, 4*v - 2*t + 3 = t. Suppose -v*h = -h - 8. What is the units digit of h?
4
Suppose 2*q + 110 = -2*s, 5*s + 0*q - q + 287 = 0. What is the units digit of 2/1*s/(-6)?
9
Let x = 17 + -36. Suppose 2*u - 27 = 3*u. Let g = x - u. What is the units digit of g?
8
Let q = 54 + 28. What is the units digit of q?
2
Let g be 86/18 - (-2)/9. Suppose -12 + 67 = g*i. What is the units digit of i?
1
Suppose -4*b + 18 = 2. What is the units digit of b?
4
Suppose y - l = 4*y - 29, 25 = 2*y - 5*l. What is the units digit of (8 - y) + 7*2?
2
Let i(k) = k - 12. Let f be i(8). What is the units digit of (-1 - (-14)/f)*-2?
9
What is the tens digit of (-1)/((8/(-100)*-5)/(-178))?
4
Let n = -38 - -59. Suppose -22 - 64 = c. What is the units digit of c/(-7) + (-6)/n?
2
Let g be 4/(-18) - (-5632)/72. Suppose -3*y + 63 = -g. What is the tens digit of y?
4
What is the units digit of 0 + (-90)/(4 - 6)?
5
What is the tens digit of 153*4/(-48)*-4?
5
Suppose 2*o + 4 = 0, 2*h + 3*o = 6*o + 234. What is the units digit of h?
4
Let k = 8 - -14. What is the tens digit of k?
2
Suppose 3*b = -b + 8. Let s be (2/4)/(b/20). Suppose -3*q + 3 = -0*x - x, -5*q + s = x. What is the units digit of q?
1
Let t be (-1)/(-3) + 16/6. Suppose 2*s = -2*s + 20. Let l = s - t. What is the units digit of l?
2
Let u(o) = o**2 - 10*o + 7. What is the tens digit of u(12)?
3
Let q = -11 - -6. What is the units digit of 16*(q/2 + 3)?
8
Let s = -12 + 12. Suppose s*g = 4*g - 40. What is the tens digit of g?
1
Let l(r) = -r**2 - 6*r - 6. Let a be l(-7). What is the units digit of -2 + (2 - a) + -1?
2
Suppose -4*y = 6*k - 2*k + 36, k = -3*y - 17. What is the units digit of 90/25 + (-2)/k?
4
Let m = -6 + 1. Let k = 8 - m. What is the units digit of k?
3
Suppose 2*z - 8 = 8. Suppose 6*d - z = 5*d. Suppose -3*c = -d*c + 70. What is the tens digit of c?
1
Let t(g) = -g**3 + 7*g + 9. What is the hundreds digit of t(-6)?
1
Suppose -j + 227 = -2*u, j - 133 = 3*u + 90. What is the tens digit of j?
3
Let a(y) = -y**2 + 4*y + 3. Let z be a(5). Let v = 5 + z. Suppose 5*m + 0*t - t - 64 = 0, -62 = -5*m + v*t. What is the tens digit of m?
1
Let z(x) = x**3 + x**2 - 1. Suppose 0*o + 10 = -2*o. Let h(a) = 4*a**3 + 3*a**2 - a - 5. Let i(k) = o*z(k) + h(k). What is the units digit of i(-2)?
2
Suppose 3*j - 6 = -2*p + p, -5*p - j + 86 = 0. Suppose -p = -3*z + 3*v, -v = 4*z + z - 12. What is the units digit of z?
3
Suppose 976 = 4*r - 3*g, 0*g - g = -4*r + 968. What is the hundreds digit of r?
2
Let v be 33*4/(-6) - 4. Let g = 52 + v. What is the tens digit of g?
2
Suppose 0 = -6*a + 5*a + 39. What is the units digit of a?
9
Suppose -2*h = -2*x + 12 + 8, -4*h - 52 = 2*x. Let v be 9/12 + (-51)/h. Let q(d) = d**2 - 2*d - 6. What is the units digit of q(v)?
9
What is the tens digit of (-1*1)/(9/(-297))?
3
Let u(o) = -2*o + 11. What is the tens digit of u(-9)?
2
Suppose 492 = 10*s - 288. What is the tens digit of s?
7
Let k(i) = -22*i**2 + 38*i**2 + 0*i - i. What is the units digit of k(1)?
5
Let d = 39 - -33. What is the units digit of d?
2
Let u be (4 + -4)/(4 + -1). Suppose u*n + n - 20 = 0. What is the tens digit of n?
2
Suppose -2*m - 2*j = m - 16, -18 = -4*m - j. What is the units digit of m?
4
Suppose 3*r = -0*y - y + 220, -5*r + 4*y + 361 = 0. Suppose 0 = -5*k + 172 + r. What is the units digit of k?
9
Suppose -1 = f - 3*s, -4*f - 5 = -6*f - s. Suppose f*c - 3*c = -10. What is the tens digit of c?
1
Let t = 23 - 23. Suppose -2*s + 1 + 5 = t. What is the units digit of s?
3
Let g(y) = y**2 + 2*y + 3. What is the hundreds digit of g(14)?
2
Let a = -41 + 86. What is the units digit of a?
5
Suppose -m = -52 + 10. What is the units digit of m?
2
Suppose 0*b + 191 = 5*o + 2*b, -4*o + 162 = -3*b. What is the units digit of o?
9
Suppose 72 = 2*w + w. Suppose -i + 18 = 15. Suppose -i*l + 5*l = w. What is the units digit of l?
2
Suppose 0 = 3*w - 7*w - 20. Let m = w + 24. What is the tens digit of m?
1
Suppose -4*s - 4 = -20. Suppose -2*b = 3*b + 3*y - 145, 180 = 5*b - s*y. Suppose -4*t + 25 = 2*q - 5, -3*q = -5*t + b. What is the units digit of t?
7
Let w = 128 + 112. What is the units digit of w?
0
Let l(t) = t**3 - 8*t**2 + 6. Let y be l(8). What is the units digit of 9/(-2)*(-12)/y?
9
Let z(g) = -2*g**3 + 11*g - 1 + 0*g**3 + 3*g**3 - 9*g - 6*g**2. What is the tens digit of z(6)?
1
Let z(d) = 2*d + 3. Let y be z(-2). Let r(g) = 6*g**2 - 1. Let f(j) = -18*j**2 + 3. Let v(m) = -4*f(m) - 11*r(m). What is the units digit of v(y)?
5
Suppose 5*d + 0*m - 1161 = -3*m, -3*d - 3*m + 693 = 0. What is the hundreds digit of d?
2
Suppose 3*a + 34 = 5*a. Suppose -y + g + 9 = 3*g, -2*y + a = 5*g. What is the units digit of y?
1
Let m = -198 - -313. What is the hundreds digit of m?
1
Suppose -9 = -6*q +